the prime factors of y.
5
Let f(v) = 14*v + 850. Let z be f(-57). Let b be 16/3 + 2/3. Suppose -20 = -b*l + z. What are the prime factors of l?
2, 3
Suppose 30 = -5*c, -m + 1882 = -4*c + 9*c. List the prime factors of m.
2, 239
What are the prime factors of 437668/(-147)*(-126)/24?
7, 11, 29
Let k = -22 + -8. Let g be ((-6)/k + 1)/((-6)/320). Let d = g - -182. What are the prime factors of d?
2, 59
Suppose -k + 9741 = -4*b, -4*k + 2*b - 20330 + 59308 = 0. What are the prime factors of k?
5, 1949
Let c be (18/10)/((-12)/(-40)) - 1. Suppose -3*s + 31 = c*n, -8 = 3*n - 7*n. Suppose s*x - 2021 = -152. What are the prime factors of x?
3, 89
Let t = 2168 + -888. Suppose 0*w + 4*w - t = 0. List the prime factors of w.
2, 5
Let j be (3/2)/((-33)/(-352)). Suppose -4*a - j = 0, -4*w + a + a = -2616. List the prime factors of w.
2, 163
Let c(v) = v**3 + 2*v**2 - 2*v + 5. Let k be c(0). Suppose k*y = -h + 401, -4*h + 1621 = 2*y - 19. List the prime factors of h.
3, 137
Let y = 4378 + 2776. What are the prime factors of y?
2, 7, 73
Suppose -6 = n - 5*u, 6*u - 10*u + 6 = -n. Let h(w) = w**2 - 4*w + 3. Let q be h(3). What are the prime factors of (q - 1)/(n - 2765/(-462))?
2, 3, 11
Suppose 231*f - 225*f - 28961 = 12193. What are the prime factors of f?
19
Suppose 17*r - 4669 - 906 = -8*r. What are the prime factors of r?
223
Let c(z) = -z**2 + 9*z - 11. Let q be c(7). Suppose -q*f - 11*r + 1945 = -10*r, 0 = -5*f + 5*r + 3235. What are the prime factors of f?
2, 3
Suppose -3*r - 5366934 = -154*r - 2*r. What are the prime factors of r?
2, 17539
Let p(c) = c**3 + 37*c**2 - 55*c + 135. List the prime factors of p(-33).
2, 3, 1051
Let a(t) = 3*t**3 + 7*t**2 - 201*t + 73. List the prime factors of a(21).
2, 31, 431
Let w = 28094 - 16310. List the prime factors of w.
2, 3, 491
What are the prime factors of (-14088)/(-2) - 15*28/60?
31, 227
Let x = -12364 + 21818. Suppose -2*o - x = -5*d - 0*o, -3*o = 5*d - 9469. Suppose 2*c - d = -9*c. What are the prime factors of c?
2, 43
What are the prime factors of 8/(-28) + 714748/119?
2, 3, 7, 11, 13
Let m be 2/((-104)/40 - -3). Suppose 0 = -6*b + m*b + 4*j + 850, -3*j = 5*b - 4158. What are the prime factors of b?
2, 3, 139
Suppose g - u = -6*u + 30, -u + 5 = 0. Suppose -g*r + r + 2264 = 0. Suppose 1513 = 11*s - r. What are the prime factors of s?
3, 7
Let c(l) = 5*l - 9. Let u be c(9). Let q = u + -37. List the prime factors of (-1 - q) + (-5 - -32).
3
Let n = -909 - -2049. What are the prime factors of ((-18)/5)/((-12)/n)?
2, 3, 19
Suppose 2*j + 8*w - 7*w - 14979 = 0, -3*w - 9 = 0. List the prime factors of j.
3, 11, 227
Suppose 0 = 4*y + 3*n, 5*y - 5 = -0*y - 5*n. List the prime factors of 0/(-4) + y + 866.
863
What are the prime factors of 35/14 + (-424708)/(-6) - 115/(-138)?
2, 3, 17, 347
Let p(z) = 3960*z + 1243. List the prime factors of p(4).
11, 1553
Suppose l - 19200 = l - 8*l. What are the prime factors of l?
2, 3, 5
Suppose 4*u = 16, 5*w + 17*u - 14*u - 447 = 0. What are the prime factors of w?
3, 29
Suppose 2*a = 5 + 5. Suppose 2*y - 4*y + a*r = -4, 5*y - 10 = 5*r. Let f(m) = 27*m**2 + 2*m - 3. List the prime factors of f(y).
109
Suppose -408*a = -414*a - 66. Let f(s) = 2*s + 104. List the prime factors of f(a).
2, 41
Let s(m) = -143*m - 10. Let x be s(-7). Suppose 0*r + 5*p = -3*r + x, 25 = 5*p. List the prime factors of r.
2, 7, 23
Let r be ((-436)/(-6))/(4/18). Let l = r - -50. Suppose -t = 2*k - 81 + 2, 5*t - l = -k. What are the prime factors of t?
3, 5
Suppose 5*r + 5*m - 51105 - 42005 = 0, -5*r = 4*m - 93106. What are the prime factors of r?
2, 3, 29, 107
Suppose -12 = -2*g, 520*g - 523*g = -2*w + 8860. List the prime factors of w.
23, 193
Let y(s) = -s**3 - 9*s**2 + 25*s + 20. Let n be y(-10). List the prime factors of (n/(-52))/(1/182).
5, 7, 13
Let o(v) = 29*v + 7. Let r be o(-5). Suppose -14*z = -4*c - 11*z - 1009, 3*z + 3 = 0. Let y = r - c. What are the prime factors of y?
5, 23
Suppose 2*q - 7 = 13. Suppose -8 = -4*p - 24, -k + 2*p = -q. Suppose -5*y = 3*d - 397, 0 = d - k*d - 2*y + 132. List the prime factors of d.
2, 67
Let d = 90 - 120. Let n be ((-116)/(-6))/(d/(-405)). Let s = n + -175. List the prime factors of s.
2, 43
What are the prime factors of -32111*(32 - 33)*(1 + 0)?
163, 197
Suppose -5*v + 4*y = 195, 3*v + y + 100 = -0*v. Let b = v - -188. List the prime factors of b.
3, 17
Suppose -3*n - 5*f + 2 = -0, 3*n + 3*f - 6 = 0. Let l(a) = 25*a + 15*a + 8 + 7. What are the prime factors of l(n)?
5, 7
Let a(t) = t**2 + 14*t + 29. Let v be 2/(3 + (-38)/12). Let j be a(v). Suppose 0 = g - 4*q - 226, -g + 0*g = -j*q - 229. What are the prime factors of g?
2, 107
Suppose -36*y = -20*y - 101840. List the prime factors of y.
5, 19, 67
Suppose -11540 = 20*l - 30*l. What are the prime factors of l?
2, 577
Let v be (-2)/(-2 + 20/6 - 2). Suppose 0 = 5*u + 5*n - 3*n - 5826, 4*u - v*n = 4647. What are the prime factors of u?
2, 3, 97
Let y(l) = 9*l - 99. Let z(w) = -10*w + 97. Let g(m) = 4*y(m) + 5*z(m). What are the prime factors of g(-10)?
229
Suppose 276*p - 8461184 = -59192. List the prime factors of p.
2, 31, 491
Suppose 0 = -0*i - 4*i - 12. Let s be ((-753)/i + -2)*(-16)/6. What are the prime factors of -1*2 + s/(-4)?
2, 41
Let k(c) = 308*c**2 + 722*c + 26. List the prime factors of k(8).
2, 12757
Let f(a) = 5*a - 111. Let p be f(19). What are the prime factors of (88/3 - p/(-12)) + -5?
23
Let v(r) = -5593*r - 4509. What are the prime factors of v(-11)?
2, 29, 983
Let v(d) = 6*d**2 - 162*d - 194. List the prime factors of v(51).
2, 5, 11, 13
Let q(y) = -2371*y - 6280. List the prime factors of q(-9).
11, 37
Suppose 6*x = 7*x - 10. Let g(q) = q**2 - 10*q + 4. Let u be g(x). Suppose -5*z + 5*i + 337 + 168 = 0, -3*i = -u*z + 404. What are the prime factors of z?
101
Let t(m) = 30*m**2 + 64*m - 90. List the prime factors of t(18).
2, 3, 599
Let i = 27 - 27. Let g be -1 + 5 + (i - 2)*1. Suppose 4*b + c + 53 - 720 = 0, -g*c = -3*b + 503. List the prime factors of b.
167
Let m(a) = -29*a**3 - 2*a - 1. Let h be m(-2). Suppose -v + 610 = h. List the prime factors of v.
3, 5
Let d(m) = -m + 3. Let s be d(3). Suppose -52*r + 55*r - 894 = s. Suppose 3*f - z = r, 0 = -f + 2*f + z - 102. List the prime factors of f.
2, 5
What are the prime factors of 5 + 16847 + (-8)/(-6)*45/10?
2, 8429
Let l = -17034 + 17054. Let g be 2/4 - 12378/(-4). What are the prime factors of g/l + 3/(-4)?
2, 7, 11
Suppose -5*q + 38850 = 3*d, 0 = -32*d + 36*d - 20. List the prime factors of q.
3, 863
Let w = 4744 + -1494. List the prime factors of 60/80 - w/(-8).
11, 37
Let v = 2087 - -2980. What are the prime factors of v?
3, 563
Let g(c) = -c**2 + 7*c - 4. Let m be g(3). Suppose 0 = m*k - 1065 - 2311. List the prime factors of k.
2, 211
Let u(s) = -s**2 + 8*s - 14. Let o be u(4). What are the prime factors of ((-56)/(-42) - o) + 389/3?
3, 43
Let f = 322 - 712. Let g = f + 977. What are the prime factors of g?
587
Let p be 2*(-8)/24*(180 - 0). Let c = p - -180. What are the prime factors of c?
2, 3, 5
Let n(x) = 67*x**2 + 4*x - 218. What are the prime factors of n(13)?
3, 3719
Suppose -166*l + 310*l + 519428 = 157*l. What are the prime factors of l?
2, 7, 1427
Suppose 4*o - 1946 = -5*g, -5*g + 1548 = -g + o. Let s be (-4 - -5)*g/(-2). List the prime factors of 1 - (s + (-5 - -2)).
197
Let g = -113 + 83. What are the prime factors of (19668/110)/((-9)/g)?
2, 149
Suppose 22*l - 54*l + 725152 = 0. Suppose l = 44*i - 14871. List the prime factors of i.
853
Let f(m) = -m**2 - 5*m + 4. Let l be f(-5). Suppose -d - 5*o + 52 = 0, -d + 52 = l*o - 2*o. Suppose d - 13 = j. What are the prime factors of j?
3, 13
Suppose -51 = -3*l - 3*j, 3*j + 101 = 4*l + 19. Let s(z) = 14 + 20 - 47*z + l*z. What are the prime factors of s(-7)?
2, 5, 23
Let u(k) = 25 + 5*k + 13*k**2 - 2 + 1. What are the prime factors of u(-4)?
2, 53
Suppose h = -p + 6994, 5*p - 4*h = 32565 + 2396. What are the prime factors of p?
3, 7, 37
Let n(r) = 139*r**2 + 3*r + 299. List the prime factors of n(-15).
41, 769
Let i = 40 - 22. Let h(a) = -a**3 + 17*a**2 - 7*a - 26. Let w be h(i). Let b = -328 - w. What are the prime factors of b?
2, 37
Let z(s) = -202*s - 1210. What are the prime factors of z(-11)?
2, 11, 23
List the prime factors of (-22982)/(16/(9 - 17)).
11491
Let o be 2